29 = 183*x, -2*x = 2*p + 14. Is (b/(-15) + (-2)/p)*2837 a composite number?
False
Let g = -36561 + 94174. Suppose 0 = 19*v - 2*v - g. Is v composite?
False
Let c(l) be the second derivative of 143*l**4/3 + l**3/2 + 5*l**2/2 + 9*l - 1. Let g = 17 + -19. Is c(g) a prime number?
True
Let w(c) = -15170*c + 4071. Is w(-20) composite?
False
Let i(c) = 16 + 2 - 3*c - 2. Let g be i(4). Is (3003/3 - -4) + g a composite number?
False
Let u(c) = 22*c + 28*c + 1 - 11. Let f be u(9). Suppose -4*g + f = 52. Is g composite?
False
Let v = 70 + -72. Let i be v/((-9)/(81/(-6))). Is i/8 - (-166801)/152 composite?
False
Suppose 1754*a - 1756*a = -70392. Suppose -8*h + a = -3*h - g, 0 = -5*h + 4*g + 35199. Is h a prime number?
True
Let j = -42 + 42. Let t be (-3)/(-1 - j) + 6 + 2277. Suppose 5*d + d = t. Is d a prime number?
False
Let d = -3609 + 9806. Is d prime?
True
Suppose 12*k = -1262706 + 15190878. Is k prime?
True
Let t(u) = -135*u**3 - 18*u**2 - 130*u - 5. Is t(-16) prime?
True
Suppose -5*a + 149888 = 2*g, 67*a = -2*g + 64*a + 149900. Is g prime?
True
Suppose -160233*v = -160252*v + 5660803. Is v a prime number?
False
Is 4 + -9 - ((-18352)/(-32))/(3/(-204)) prime?
True
Is ((-18476)/(-372))/((-1)/(-1692)) + 7*1 a prime number?
False
Let u be (2 + 0)*(823 - 2). Suppose a - 3655 = u. Is a a composite number?
False
Let i(r) = -8*r**3 - 10*r**2 + 3*r + 5. Let k(c) = c**3 - 7*c**2 + 12*c - 8. Let b = 32 - 28. Let f be k(b). Is i(f) a composite number?
True
Let c = 133325 + -78236. Suppose 0 = 8*q - c - 143327. Suppose q - 9605 = 5*g + 4*x, 2*g - 5*x - 6059 = 0. Is g prime?
True
Let f(k) = -2624*k - 701. Is f(-9) a prime number?
False
Let b(t) = t**3 - 8*t**2 - 12*t + 15. Let s be b(9). Is (16/s - -2)/(20/213090) prime?
True
Let m = 131219 - 37308. Is m composite?
False
Let r be 0 + -2 + 165420/9. Let x = -7132 + r. Is x a composite number?
True
Let b = 9734 - 3007. Let p = b + -2444. Is p prime?
True
Let p(b) = -3*b**3 - 9*b**2 + 7*b + 7. Let t be p(-4). Suppose -11*o + 94658 = t*o. Is o a prime number?
False
Is (-2)/3*1 - 24612794/(-354) composite?
True
Let d = 29972 - 8971. Is d prime?
True
Suppose 1 = p - 2*l + 6, p = l - 1. Suppose -3*a - 4380 = -p*j, -837 = -3*j - 3*a + 3525. Is j a composite number?
True
Let g(o) = 3*o**3 + 35*o**2 + 30*o - 1141. Is g(41) a prime number?
False
Let l(h) = -h + 3. Let b be l(-3). Let j be (-4)/10 + (221484/(-10))/(-6). Suppose b*o - j = -1159. Is o prime?
False
Let j(x) = 337*x - 282. Is j(7) a composite number?
True
Let d(n) = 10*n**3 + 5*n**2 + 32*n - 725. Is d(18) prime?
True
Let b(q) = q**3 - 2*q**2 - 2*q + 2. Let k be b(3). Suppose -k*v + 992 = -3*v - 4*j, -3*v - 5*j + 1521 = 0. Suppose 12*f - v = 10*f. Is f a prime number?
True
Suppose 73 = 4*u - 199. Let s = u + 431. Is s composite?
False
Let q = 72 + -67. Suppose 3*g = -q*g + 3*g. Is (-373)/(3/(-3 + g)) a prime number?
True
Let z(x) = -109*x**3 + 14*x**2 + 30*x + 104. Is z(-9) composite?
False
Let b be (4/5)/((-4)/(-26890)). Suppose -4*m - 4*d - 8969 = -9*m, d - b = -3*m. Is m a composite number?
True
Let d be (20/3 - 2)/(64/288). Let g(i) = 125*i + 2. Is g(d) a composite number?
True
Let j = 533333 - 344770. Is j a prime number?
True
Suppose -48 + 0 = -6*l. Is ((-986)/(-1))/(10*l/40) prime?
False
Let d(b) = 9 + 219*b**3 - b - 2*b**2 + 137*b**3 - 4. Is d(2) prime?
True
Let f = -26434 - -69491. Is f prime?
False
Let i(t) = 30109*t - 496. Is i(15) prime?
False
Let l = -30 + -46. Is (53143/l)/((-2)/8) a composite number?
False
Let i(o) = 207353*o**2 + 68*o + 72. Is i(-1) a composite number?
True
Suppose 2*n + 0*n = 5*l + 20047, l + 20027 = 2*n. Let b be 2/(-14) + n/7 - -1. Suppose -3*d + 299 = t, 3*d = 5*t + 2*d - b. Is t a prime number?
False
Let t(p) = -p**2 + 4*p - 1. Let i be t(3). Let a be 65/3*(1 + i). Suppose -s + 90 = 5*l + 25, -s + l + a = 0. Is s a composite number?
True
Let f be 4 - ((-10534)/4 + 3/6). Suppose 218*b - f = 215*b. Suppose 3*a + 0*a = b. Is a prime?
True
Let m(v) = 267*v + 6. Let l be m(18). Suppose -926 = 2*q - l. Is q composite?
True
Let l = 62 + -34. Suppose 19*x = 20*x - l. Suppose -m + x = -83. Is m prime?
False
Suppose 26*k = 21*k - 254075. Let g = -24836 - k. Is g a prime number?
False
Suppose 5*b + 339 = 1589. Let m be (b/175)/((-2)/(-7)). Suppose 3*c = 3*s + 4098, c - m*c - 4*s = -5424. Is c a prime number?
True
Is 96090/1 - 77/(-11) composite?
False
Let n(l) = -l**3 + l**2 - 13*l + 46303. Is n(0) a composite number?
True
Let j be ((-2)/4)/(33/(-330)). Suppose -j*m = 4*t - 7715, m + 3*t - 991 = 552. Is m a prime number?
True
Suppose v + 2*v + 3*f = 24, -f = 5*v - 24. Suppose -6*w + 10*w + v*p - 208232 = 0, w - 5*p = 52064. Suppose -4*s + 25*s - w = 0. Is s a prime number?
False
Let z = 72311 - 34884. Is z a composite number?
True
Let l = -45616 + 16545. Is (l/(-7))/((-3)/(6/(-2))) prime?
True
Let c be (6 + 1 - 6)*5. Suppose -2*o + 4*o = c*h - 23580, 2*h - 4*o = 9448. Is h a composite number?
True
Suppose -120*w = 42*w - 3847986. Is w a prime number?
True
Let f(r) = 23*r - 9. Let u(d) = -68*d + 28. Let x(g) = 16*f(g) + 5*u(g). Let l be x(1). Suppose -5*o + l = -3221. Is o a composite number?
True
Let l = -157 - -156. Is 0 + 1847 + (2 - 3 - l) a prime number?
True
Let j(o) = o**3 - 13*o**2 - o + 7. Let c be j(13). Let q be -7 - (-3)/(-6)*c. Is ((-1564)/8)/(2/q) a prime number?
False
Is (242774/3)/(3 - (-42)/(-18)) a prime number?
False
Let p(d) = -493*d**3 - 3*d**2 + d + 2. Suppose -4*o - 3*o + 28 = 0. Suppose o*k = 3*k - 3*a - 16, 0 = 4*k - 5*a - 21. Is p(k) composite?
False
Suppose 8*x + 31 = 135. Suppose 8810 = 2*b - 4*z, -11 = z - x. Is b prime?
True
Let s(d) = 781*d**2 - 30*d - 32. Is s(-1) prime?
False
Suppose 4*m + x - 6 = 0, 2*m + 2*x - 8 = 4*x. Suppose m*u - 2*z = 14, 3*u + 3*z + 0*z = 27. Is 238/1 + u/(-8) a prime number?
False
Let t(y) be the second derivative of -9*y - 3*y**2 + 5/12*y**4 - 1/20*y**5 + 0 + 5/6*y**3. Is t(-5) a composite number?
True
Suppose -14 = -5*i - 4*q, q = -3*q + 4. Let c be 3993/i + 5/2. Suppose 2*f = 5*o + c, -f + 3*o + 2005 = f. Is f a prime number?
False
Let c(i) = 6*i**3 - 63*i**2 + 6*i - 22. Is c(19) a prime number?
True
Suppose -172308 = -2*u + 7*n, 89*u = 94*u - 5*n - 430695. Is u a prime number?
False
Suppose l + 0 = 3, 0 = 2*c - l - 169. Let j = c + 307. Is j composite?
True
Let g be ((0 - 4) + 19)*(-1)/(-1). Suppose -3*n - 5*t + 21860 = 0, 20*n - g*n = -2*t + 36465. Is n a composite number?
True
Suppose -5*p + 239 = -16341. Suppose 4*c + s = -3310, -p = 3*c + c - 2*s. Let f = c + 2431. Is f a composite number?
True
Let d be 12/(11 + -9) + 3. Suppose d*v = -17*v + 628394. Is v composite?
False
Suppose -255 + 245 = -2*t, -5*q = -4*t - 1780365. Is q prime?
True
Let a(x) = 4*x**3 - 6*x**2 + 26*x - 43. Is a(8) composite?
True
Let t = -496 + 503. Is 16114*(t - 104/16) a composite number?
True
Is 10183 - (-1 + 0) - (-9 - 300/(-30)) a prime number?
False
Let k = 20203 - -48988. Is k composite?
False
Suppose 154430 = w - 4*i - 158592, 3*w = i + 939055. Suppose w - 121510 = 12*a. Is a prime?
True
Let s be -4*(-8)/(32/3). Suppose -6*g + s = -9. Is ((-6246)/27)/(g/(-3)) a prime number?
True
Let b be -4 - (-4 - -6 - 582). Let g = -198 + b. Let z = g - 187. Is z a prime number?
True
Let h(p) = -659*p - 103. Let d be h(19). Is (d/6 - -1)*-1 prime?
False
Let f(i) = 2*i - 3 + 3 - 2 + 683*i**3. Suppose -o = 4*d - 17, 2*d - 15 = 5*o - 3*d. Is f(o) prime?
True
Let d(y) = y**2 + 13*y + 5. Let s(g) be the second derivative of -g**5/20 - g**4/4 - 25*g**3/6 - 9*g**2/2 - 9*g. Let m(t) = 5*d(t) + 3*s(t). Is m(-7) composite?
True
Let h(p) = 132581*p + 541. Is h(2) prime?
True
Let z(c) = 8337*c**2 - 218*c + 262. Is z(12) a composite number?
True
Let m = -26830 + 47423. Is m composite?
False
Let m be -8 + 11 - (-2)/(-2). Suppose -m*q - 2460 = -6*q. Suppose 0 = b + 4*y - 221, -y = -3*b + 3*y + q. Is b composite?
True
Let k be 12/66 + (-42337)/(-11). Suppose 5*y - 5*o = 3*y + 2566, -3*y + 4*o = -k. Is y a prime number?
True
Let z = -1551 + -1011. Let h = 3763 + z. Is h composite?
False
Let k = -835 + 1380. Suppose -32081 = k*l - 552*l. Is l composite?
False
Suppose f + 4134581 + 1951604 = 36*f. Is f prime?
True
Let c = 146 + -92. Let r = c + -39. Suppose r*z - 11*z - 1016 = 0. Is z a prime number?
False
Let a = -1165 - 